actors of (-4)/14 + 946/77.
2, 3
Suppose 6 = -3*q, -2*y + 3*q + 331 = 97. List the prime factors of y.
2, 3, 19
Suppose 0 = -3*f - 12, -5*a - 4*f + 284 = 100. Let o = a - -6. Let y = o - 33. List the prime factors of y.
13
Let c(z) = 4 - 3*z**3 + 3*z**3 - 4*z**2 - z**3. What are the prime factors of c(-5)?
29
List the prime factors of (-10 - -9)/(1/(-172)).
2, 43
Let c(v) = -6*v**3 - 4*v**2 - 2*v. Let s be c(-2). Suppose s = -2*h + 3*h. What are the prime factors of h?
2, 3
Let i = 336 - 111. List the prime factors of i.
3, 5
Suppose 4*n - 434 - 126 = 0. List the prime factors of n.
2, 5, 7
What are the prime factors of (-562)/(-6) + (-2)/3?
3, 31
Let g(u) = -9*u + 7. Let r(x) = 4*x - 3. Let n(z) = 2*g(z) + 5*r(z). Let o(q) = -1. Let y(f) = -n(f) + 4*o(f). List the prime factors of y(-9).
3, 5
Suppose -5*l + 0*x = 2*x - 9, x = 2. Let i = 5 + l. What are the prime factors of i?
2, 3
Suppose -4*l - 5 = -5*l. Suppose g - 20 = -l. What are the prime factors of g?
3, 5
Let s = -311 + 557. What are the prime factors of s?
2, 3, 41
Suppose -2*h = -3*h + 2*t + 17, 5*t + 32 = 2*h. List the prime factors of h.
3, 7
Suppose 2*c - 4*c - 34 = 0. Let g be (-27)/2*(2 - 0). Let z = c - g. List the prime factors of z.
2, 5
Suppose k + 0*k = 4*z + 86, -5*k = -4*z - 478. List the prime factors of k.
2, 7
Let w = 58 + -33. Suppose w = 3*p + 2*p. What are the prime factors of p?
5
List the prime factors of 84/10*10/4.
3, 7
Let q be (0 + 3/(-1))*-1. Suppose q*l - 27 = 18. What are the prime factors of l?
3, 5
Suppose -15*x + 18*x = 210. List the prime factors of x.
2, 5, 7
Let m be (10/20)/((-2)/4). What are the prime factors of 4 - (-2 + 1) - m?
2, 3
Suppose 0 = 7*n - 86 - 446. List the prime factors of n.
2, 19
Let j(u) = -u**2 + 14*u - 9. Let h be j(11). Suppose -19 = -3*t + 4*q + 17, 2*t = 5*q + h. List the prime factors of t.
2, 3
Let m = 38 - -18. What are the prime factors of m/21*6/4?
2
Let y(r) = -r**3 + 10*r**2 - 7*r - 3. Let b = 7 + 2. List the prime factors of y(b).
3, 5
Suppose 5*h - 265 = -2*f, -5*f + 67 = 2*h - 18. List the prime factors of h.
5, 11
Suppose -3*g + 3 = -3. Let k(q) = 5*q**3 - 3*q**2 + 3*q - 3. List the prime factors of k(g).
31
Let z be (-24)/((-1)/2 - -2). Suppose 4*i + 6 = -18. Let r = i - z. What are the prime factors of r?
2, 5
Let y = 3 - 1. Suppose 0*w - y*w = -4. Suppose w*b - 20 = -5*j, b + j = -j + 10. List the prime factors of b.
2, 5
Let n be 204/3*(-1)/(-4). Let o = n + -3. List the prime factors of o.
2, 7
Let b(x) = -x**3 + 4*x**2 + 3*x + 7. Let v be b(5). Let r(w) = w**3 + 4*w**2 + w. List the prime factors of r(v).
2, 3
Let k(m) = m + 4. Let g be k(0). Suppose 2*f - g*f = 12. Let l = -4 - f. List the prime factors of l.
2
Suppose 5*p = -2*f + f + 4, 0 = -2*p + 4. Let k = 9 + f. Let j = 11 - k. List the prime factors of j.
2
Suppose 0 = 3*g - 1 + 7. What are the prime factors of -6*(-1 + g/4)?
3
Let c(x) = 6*x - 1. Let t be c(5). Let h = -14 + t. List the prime factors of h.
3, 5
Let s(u) = -u**2 - 7*u - 4. Let r be s(-6). Let n = r - 0. Suppose t = -4*i + n, -t - i = -5*t + 42. What are the prime factors of t?
2, 5
Suppose -105 = -5*s + 5*z, -2*z + 24 = 3*s - 19. What are the prime factors of s?
17
Let k = 4 + -2. Suppose -2*t = -14 + k. What are the prime factors of ((-12)/8)/(t/(-8))?
2
Let v = 585 - 134. List the prime factors of v.
11, 41
Let q(y) = -y**2 + 9*y + 6. Let f be q(11). Let w = 28 + f. What are the prime factors of w?
2, 3
Let j be (-6)/4 - (-38)/4. Let f = 1 + j. What are the prime factors of f?
3
Let q(m) = 4*m**2 - 1. Let x be q(1). Let z = -12 + 9. List the prime factors of 5/(z/x)*-1.
5
Let x(g) = -12*g**3 - g**2 - g - 1. Suppose 4*s = 5*n + 5 + 16, -1 = 5*n + s. What are the prime factors of x(n)?
11
Let a(y) = -y**3 + 3*y**2 + y. Let c be a(3). Suppose -4*r + 0*v + 4*v = -40, -58 = -5*r + c*v. List the prime factors of 122/r - 6/(-21).
3
Let m(v) = -v**2 + 2*v + 7. Let o be -1 - ((-9)/3 + -3). Let u be m(o). Let q = u - -11. What are the prime factors of q?
3
List the prime factors of (6/15)/(3/2700).
2, 3, 5
Suppose 2*k + 4 = -2*r, 0*k + 7 = -3*r - 2*k. Let a be (-6)/r + 4 - -1. Suppose -3*f + 4 - a = 0, 5*j - 30 = -5*f. What are the prime factors of j?
7
Suppose a - 5*a + 8 = 0. What are the prime factors of (a - 71)*3/(-9)?
23
Let y(v) = 2*v**2 + 5*v + 11. What are the prime factors of y(-8)?
3, 11
Let c(x) = x**3 - x + 2. Let l be c(0). Suppose -y + l*y = 3. Suppose -d = 4*u - 11, y*d - 2*u - u = 33. List the prime factors of d.
11
Let s = 1 + 0. Let c(r) = -5*r**3 + r**2 - r + 1. Let i be c(s). Let a = i + 7. What are the prime factors of a?
3
Suppose 0 = 2*y - 0*y + 5*p + 16, -2*p - 8 = 0. Suppose 0 = -y*l + 3*l. What are the prime factors of 3 + (l/2)/1?
3
Let s(h) = h**2 + h. Let o be s(-3). Suppose 0 = 5*i + w - 22, -i + 8*w - 3*w = o. List the prime factors of i.
2
Let t(a) = -a + 1. Let n be t(-3). Suppose i = n*i - 63. What are the prime factors of i?
3, 7
Let j(o) = o + 1. Let w be j(3). Suppose 0*f + f = 7. Let b = f - w. What are the prime factors of b?
3
Suppose 0 = 2*x + 3*x - 15. Suppose -i - x*h + 5 = 0, 0*i - h = 3*i + 17. What are the prime factors of i*-3*4/7?
2, 3
Let y(d) = d**2 - 16*d - 8. Let b be y(8). What are the prime factors of ((-1)/2)/(2/b)?
2, 3
Let c = -8 - -13. Suppose c*g - 208 = g. Suppose 0*d = 4*d - g. What are the prime factors of d?
13
Let h = 29 - -72. What are the prime factors of h?
101
Let k be (2 - 1*-2)/1. Let m = -2 + k. Let o = 5 + m. List the prime factors of o.
7
Let n be ((-4)/(-6))/((-2)/(-15)). Suppose -51 = n*y - 231. Suppose 0 = -0*a - 4*a + y. List the prime factors of a.
3
Suppose -12*c + 738 = -294. List the prime factors of c.
2, 43
Suppose 0 = -3*g + 4*g - 84. What are the prime factors of g?
2, 3, 7
Let b = -13 + 22. Suppose -b = -z - r, -4*r - r = 0. What are the prime factors of z?
3
Suppose 4*s = 3*k - 680, 4*k + 2*s - 908 = 7*s. What are the prime factors of k?
2, 29
Let y(w) = w**2 - 3. Let i be y(-4). Suppose 4*u - i = 3. List the prime factors of (-2)/(2*(-1)/u).
2
Let o = 164 + -96. Suppose -3*i + o = 3*c - 5*c, -3*c + 54 = 2*i. List the prime factors of (i/2)/(15/20).
2
Suppose 37 = 5*a - 4*a. List the prime factors of a.
37
Suppose -10*b + 4753 = 503. List the prime factors of b.
5, 17
Let k(z) = z**2 - 9*z + 10. What are the prime factors of k(9)?
2, 5
What are the prime factors of -4 + -4 + 108/4?
19
Let i(g) = -g**3 - 4*g**2 - g - 3. Let t be i(-4). Let p be t/(-3) - 109/(-3). Suppose 6*u = 2*u + p. List the prime factors of u.
3
Let v(x) = 16*x**2 + 2*x + 1. Let c be v(-1). Suppose 3*s - c = 21. What are the prime factors of s?
2, 3
Let g be 3/4*(-7 - -63). Suppose 0 = 6*k - 5*k - g. What are the prime factors of k?
2, 3, 7
What are the prime factors of -12*(-3 - (-1)/(-3))?
2, 5
Let w(g) = 35*g**3 + g**2 - 1. List the prime factors of w(1).
5, 7
Let n = 35 - -4. What are the prime factors of n?
3, 13
Suppose 2*n = -o + 855, 5*n + o - 2145 = -0*n. List the prime factors of n.
2, 5, 43
Suppose l = 5 + 8. Let j = 21 - l. What are the prime factors of j?
2
Let n be -2 - (-2)/(-3)*-3. Let h = -3 + 7. Suppose h*a + n*a = 20. What are the prime factors of a?
5
Let w be 8*((-955)/(-2))/5. What are the prime factors of (-1)/(-6) - w/(-24)?
2
Let g(s) = -s**3 + 9*s**2 + 3*s - 12. List the prime factors of g(9).
3, 5
Let z = 26 + -14. Suppose 3*f + 3*u - z = 7*u, 4*f + u + 3 = 0. Let w = f + 11. What are the prime factors of w?
11
Let t be -3*1*4/(-6). Suppose -z + t = 4. Let y = z + 6. List the prime factors of y.
2
Suppose -2261 = -7*q + 231. What are the prime factors of q?
2, 89
Suppose -5*x - 5*b + 510 = 0, -57 = -2*x - 4*b + 147. List the prime factors of x.
2, 3, 17
Let k be (2 - 1)/((-1)/3). Let s = k - -11. List the prime factors of s.
2
Let x(h) = h**2 - 4*h - 3. Let w be x(5). Suppose -5 = -q - w. What are the prime factors of q - (2 + -1 + -2)?
2
Suppose 2*c = -c - l - 69, 5*l = c + 39. Let i = -15 - c. What are the prime factors of i?
3
Let u(c) = 4*c - 1. Let p be u(3). Suppose -4*n = 4*b - 2*n - 24, 0 = b - 2*n - p. What are the prime factors of b?
7
Suppose 22*r - 7*r - 3570 = 0. List the prime factors of r.
2, 7, 17
Let i(q) = -q**2 - q + 189. List the prime factors of i(0).
3, 7
Let q be (4/6)/(1/3). Suppose